{"id":636,"date":"2025-06-15T09:09:15","date_gmt":"2025-06-15T09:09:15","guid":{"rendered":"https:\/\/www.vinarstviocenasek.cz\/?post_type=product&#038;p=636"},"modified":"2026-04-18T08:09:29","modified_gmt":"2026-04-18T08:09:29","slug":"tramin-cerveny-2024-polosladke","status":"publish","type":"product","link":"https:\/\/www.vinarstviocenasek.cz\/index.php\/produkt\/tramin-cerveny-2024-polosladke\/","title":{"rendered":"Tram\u00edn \u010derven\u00fd 2024 polosladk\u00e9"},"content":{"rendered":"<ul>\n<li><span style=\"font-weight: 400;\">polosladk\u00e9<\/span><\/li>\n<li><span style=\"font-weight: 400;\">obec Moravsk\u00fd \u017di\u017ekov, tra\u0165 Slovensk\u00e9 <\/span><\/li>\n<li><span style=\"font-weight: 400;\">alk. 12,9%\u00a0<\/span><\/li>\n<li><span style=\"font-weight: 400;\">v\u00edno sv\u011btle \u017elut\u00e9 barvy, ve v\u016fni najdeme \u010dajovou r\u016f\u017ei, rozinky a med<\/span><\/li>\n<li><span style=\"font-weight: 400;\">celkov\u00e9 kyseliny 5,6 g\/l, zbyt. cukr 16,8 g\/l<\/span><\/li>\n<li><span style=\"font-weight: 400;\">\u010d\u00edslo \u0161ar\u017ee 10\/24<\/span><\/li>\n<li>objem 0,75l<\/li>\n<li>280K\u010d \/ l<\/li>\n<\/ul>\n","protected":false},"excerpt":{"rendered":"<p>polosladk\u00e9 obec Moravsk\u00fd \u017di\u017ekov, tra\u0165 Slovensk\u00e9 alk. 12,9%\u00a0 v\u00edno sv\u011btle \u017elut\u00e9 barvy, ve v\u016fni najdeme \u010dajovou r\u016f\u017ei, rozinky a med celkov\u00e9 kyseliny 5,6 g\/l, zbyt. cukr 16,8 g\/l \u010d\u00edslo \u0161ar\u017ee 10\/24 objem 0,75l 280K\u010d \/ l<\/p>\n","protected":false},"featured_media":632,"comment_status":"open","ping_status":"closed","template":"","meta":[],"product_brand":[],"product_cat":[18,24],"product_tag":[33],"class_list":{"0":"post-636","1":"product","2":"type-product","3":"status-publish","4":"has-post-thumbnail","6":"product_cat-bile-vino","7":"product_cat-polosladka-bila-vina","8":"product_tag-polosladke","10":"first","11":"instock","12":"taxable","13":"shipping-taxable","14":"purchasable","15":"product-type-simple"},"jetpack_sharing_enabled":true,"_links":{"self":[{"href":"https:\/\/www.vinarstviocenasek.cz\/index.php\/wp-json\/wp\/v2\/product\/636","targetHints":{"allow":["GET"]}}],"collection":[{"href":"https:\/\/www.vinarstviocenasek.cz\/index.php\/wp-json\/wp\/v2\/product"}],"about":[{"href":"https:\/\/www.vinarstviocenasek.cz\/index.php\/wp-json\/wp\/v2\/types\/product"}],"replies":[{"embeddable":true,"href":"https:\/\/www.vinarstviocenasek.cz\/index.php\/wp-json\/wp\/v2\/comments?post=636"}],"wp:featuredmedia":[{"embeddable":true,"href":"https:\/\/www.vinarstviocenasek.cz\/index.php\/wp-json\/wp\/v2\/media\/632"}],"wp:attachment":[{"href":"https:\/\/www.vinarstviocenasek.cz\/index.php\/wp-json\/wp\/v2\/media?parent=636"}],"wp:term":[{"taxonomy":"product_brand","embeddable":true,"href":"https:\/\/www.vinarstviocenasek.cz\/index.php\/wp-json\/wp\/v2\/product_brand?post=636"},{"taxonomy":"product_cat","embeddable":true,"href":"https:\/\/www.vinarstviocenasek.cz\/index.php\/wp-json\/wp\/v2\/product_cat?post=636"},{"taxonomy":"product_tag","embeddable":true,"href":"https:\/\/www.vinarstviocenasek.cz\/index.php\/wp-json\/wp\/v2\/product_tag?post=636"}],"curies":[{"name":"wp","href":"https:\/\/api.w.org\/{rel}","templated":true}]}}