{"id":698,"date":"2026-04-19T06:34:31","date_gmt":"2026-04-19T06:34:31","guid":{"rendered":"https:\/\/www.vinarstviocenasek.cz\/?post_type=product&#038;p=698"},"modified":"2026-04-19T06:34:55","modified_gmt":"2026-04-19T06:34:55","slug":"merlot-2025-suche","status":"publish","type":"product","link":"https:\/\/www.vinarstviocenasek.cz\/index.php\/produkt\/merlot-2025-suche\/","title":{"rendered":"Merlot 2025 &#8211; such\u00e9"},"content":{"rendered":"<p data-start=\"103\" data-end=\"312\">Ve v\u016fni i chuti se objevuj\u00ed t\u00f3ny \u010derven\u00fdch t\u0159e\u0161n\u00ed, ostru\u017ein a \u0161vestek, kter\u00e9 d\u00e1vaj\u00ed v\u00ednu ovocn\u00fd a harmonick\u00fd charakter.<\/p>\n<p data-start=\"314\" data-end=\"386\">Ide\u00e1ln\u00ed volba pro milovn\u00edky jemn\u011bj\u0161\u00edch \u010derven\u00fdch v\u00edn s ovocn\u00fdm profilem.<\/p>\n<hr data-start=\"388\" data-end=\"391\" \/>\n<p data-start=\"393\" data-end=\"451\"><strong data-start=\"393\" data-end=\"409\">Profil v\u00edna:<\/strong><br data-start=\"409\" data-end=\"412\" \/>such\u00e9 | pln\u011bj\u0161\u00ed | ovocn\u00e9 | harmonick\u00e9<\/p>\n<p data-start=\"453\" data-end=\"524\"><strong data-start=\"453\" data-end=\"468\">Doporu\u010den\u00ed:<\/strong><br data-start=\"468\" data-end=\"471\" \/>\u010derven\u00e1 masa, t\u011bstoviny, s\u00fdry nebo ve\u010dern\u00ed posezen\u00ed<\/p>\n<hr data-start=\"526\" data-end=\"529\" \/>\n<p data-start=\"531\" data-end=\"669\"><strong data-start=\"531\" data-end=\"554\">Z\u00e1kladn\u00ed informace:<\/strong><br data-start=\"554\" data-end=\"557\" \/>alkohol: 12,5 %<br data-start=\"572\" data-end=\"575\" \/>cukernatost p\u0159i sb\u011bru: 23,0 \u00b0\u010cNM<br data-start=\"607\" data-end=\"610\" \/>kyseliny: 4,8 g\/l<br data-start=\"627\" data-end=\"630\" \/>zbytkov\u00fd cukr: 6,6 g\/l<br data-start=\"652\" data-end=\"655\" \/>\u0161ar\u017ee: 16\/25<\/p>\n<p data-start=\"531\" data-end=\"669\">objem: 0,75 l \/ 280K\u010d\/l<\/p>\n","protected":false},"excerpt":{"rendered":"<p>Pln\u011bj\u0161\u00ed \u010derven\u00e9 v\u00edno rub\u00ednov\u00e9 a\u017e tmav\u011b gran\u00e1tov\u00e9 barvy s p\u0159\u00edjemn\u011b zakulacen\u00fdm projevem.<\/p>\n","protected":false},"featured_media":679,"comment_status":"open","ping_status":"closed","template":"","meta":[],"product_brand":[],"product_cat":[19,27],"product_tag":[],"class_list":{"0":"post-698","1":"product","2":"type-product","3":"status-publish","4":"has-post-thumbnail","6":"product_cat-cervena","7":"product_cat-sucha-cervena-vina","9":"first","10":"instock","11":"taxable","12":"shipping-taxable","13":"purchasable","14":"product-type-simple"},"jetpack_sharing_enabled":true,"_links":{"self":[{"href":"https:\/\/www.vinarstviocenasek.cz\/index.php\/wp-json\/wp\/v2\/product\/698","targetHints":{"allow":["GET"]}}],"collection":[{"href":"https:\/\/www.vinarstviocenasek.cz\/index.php\/wp-json\/wp\/v2\/product"}],"about":[{"href":"https:\/\/www.vinarstviocenasek.cz\/index.php\/wp-json\/wp\/v2\/types\/product"}],"replies":[{"embeddable":true,"href":"https:\/\/www.vinarstviocenasek.cz\/index.php\/wp-json\/wp\/v2\/comments?post=698"}],"wp:featuredmedia":[{"embeddable":true,"href":"https:\/\/www.vinarstviocenasek.cz\/index.php\/wp-json\/wp\/v2\/media\/679"}],"wp:attachment":[{"href":"https:\/\/www.vinarstviocenasek.cz\/index.php\/wp-json\/wp\/v2\/media?parent=698"}],"wp:term":[{"taxonomy":"product_brand","embeddable":true,"href":"https:\/\/www.vinarstviocenasek.cz\/index.php\/wp-json\/wp\/v2\/product_brand?post=698"},{"taxonomy":"product_cat","embeddable":true,"href":"https:\/\/www.vinarstviocenasek.cz\/index.php\/wp-json\/wp\/v2\/product_cat?post=698"},{"taxonomy":"product_tag","embeddable":true,"href":"https:\/\/www.vinarstviocenasek.cz\/index.php\/wp-json\/wp\/v2\/product_tag?post=698"}],"curies":[{"name":"wp","href":"https:\/\/api.w.org\/{rel}","templated":true}]}}